hen 108599 is divided by 431?
418
Calculate the remainder when 9801 is divided by 16.
9
What is the remainder when 317263 is divided by 1094?
3
What is the remainder when 56391 is divided by 14?
13
What is the remainder when 106862 is divided by 106859?
3
Calculate the remainder when 1876 is divided by 507.
355
Calculate the remainder when 49033 is divided by 16344.
1
What is the remainder when 32284 is divided by 16085?
114
Calculate the remainder when 1358526 is divided by 111.
108
What is the remainder when 66950 is divided by 387?
386
What is the remainder when 46048 is divided by 3066?
58
Calculate the remainder when 20213 is divided by 88.
61
What is the remainder when 7931 is divided by 71?
50
Calculate the remainder when 2591296 is divided by 23.
1
Calculate the remainder when 431 is divided by 144.
143
Calculate the remainder when 36426 is divided by 1654.
38
What is the remainder when 2241479 is divided by 10?
9
Calculate the remainder when 78864 is divided by 9.
6
Calculate the remainder when 77538 is divided by 852.
6
Calculate the remainder when 22557 is divided by 17.
15
Calculate the remainder when 6473 is divided by 17.
13
Calculate the remainder when 910 is divided by 761.
149
What is the remainder when 442 is divided by 13?
0
Calculate the remainder when 7832 is divided by 121.
88
What is the remainder when 37922 is divided by 12628?
38
What is the remainder when 10277 is divided by 151?
9
What is the remainder when 54072 is divided by 351?
18
What is the remainder when 35365 is divided by 8832?
37
Calculate the remainder when 201061 is divided by 24.
13
What is the remainder when 55221 is divided by 89?
41
Calculate the remainder when 12332 is divided by 37.
11
Calculate the remainder when 66772 is divided by 33384.
4
Calculate the remainder when 6671 is divided by 563.
478
Calculate the remainder when 20634 is divided by 154.
152
Calculate the remainder when 9083 is divided by 101.
94
Calculate the remainder when 22724 is divided by 15.
14
Calculate the remainder when 73102 is divided by 610.
512
What is the remainder when 4770 is divided by 423?
117
Calculate the remainder when 1679 is divided by 534.
77
Calculate the remainder when 122981 is divided by 70.
61
What is the remainder when 3865 is divided by 3810?
55
Calculate the remainder when 6574 is divided by 195.
139
What is the remainder when 1074416 is divided by 18?
14
Calculate the remainder when 7974 is divided by 215.
19
Calculate the remainder when 147289 is divided by 55.
54
What is the remainder when 2167 is divided by 35?
32
What is the remainder when 2084 is divided by 121?
27
What is the remainder when 158565 is divided by 12?
9
What is the remainder when 935598 is divided by 233897?
10
What is the remainder when 1632 is divided by 626?
380
Calculate the remainder when 2740 is divided by 10.
0
What is the remainder when 1121567 is divided by 190?
187
Calculate the remainder when 1293 is divided by 39.
6
What is the remainder when 224346 is divided by 1006?
8
Calculate the remainder when 27178 is divided by 9043.
49
What is the remainder when 28041 is divided by 374?
365
Calculate the remainder when 99833 is divided by 1468.
9
Calculate the remainder when 2508 is divided by 217.
121
Calculate the remainder when 3225 is divided by 38.
33
Calculate the remainder when 1042412 is divided by 912.
908
What is the remainder when 23185 is divided by 26?
19
What is the remainder when 35527 is divided by 19?
16
Calculate the remainder when 5554 is divided by 1365.
94
What is the remainder when 50253 is divided by 50251?
2
What is the remainder when 15780 is divided by 7885?
10
What is the remainder when 29335 is divided by 341?
9
What is the remainder when 7782 is divided by 190?
182
Calculate the remainder when 4270 is divided by 142.
10
Calculate the remainder when 64817 is divided by 386.
355
Calculate the remainder when 14373 is divided by 149.
69
Calculate the remainder when 199574 is divided by 808.
806
What is the remainder when 11299 is divided by 434?
15
What is the remainder when 11357 is divided by 122?
11
Calculate the remainder when 11317 is divided by 39.
7
Calculate the remainder when 23123 is divided by 827.
794
What is the remainder when 39937 is divided by 209?
18
What is the remainder when 3535 is divided by 393?
391
Calculate the remainder when 178849 is divided by 131.
34
What is the remainder when 1693 is divided by 1528?
165
Calculate the remainder when 92964 is divided by 715.
14
Calculate the remainder when 1255695 is divided by 29.
24
What is the remainder when 138416 is divided by 1173?
2
What is the remainder when 74711 is divided by 5?
1
Calculate the remainder when 7963 is divided by 896.
795
What is the remainder when 40031 is divided by 278?
277
Calculate the remainder when 1349 is divided by 9.
8
Calculate the remainder when 7383 is divided by 140.
103
What is the remainder when 69055 is divided by 634?
583
Calculate the remainder when 51673 is divided by 17214.
31
What is the remainder when 1351 is divided by 39?
25
Calculate the remainder when 31646 is divided by 15.
11
What is the remainder when 1947 is divided by 952?
43
What is the remainder when 243032 is divided by 47?
42
Calculate the remainder when 1167 is divided by 27.
6
What is the remainder when 2382 is divided by 95?
7
Calculate the remainder when 78149 is divided by 81.
65
What is the remainder when 7296 is divided by 72?
24
What is the remainder when 47431 is divided by 97?
95
What is the remainder when 25263 is divided by 400?
63
Calculate the remainder when 160128 is divided by 47.
46
Calculate the remainder when 14559 is divided by 4848.
15
Calculate the remainder when 7536 is divided by 2375.
411
What is the remainder when 4114 is divided by 4057?
57
What is the remainder when 973 is divided by 87?
16
Calculate the remainder when 16895 is divided by 18.
11
Calculate the remainder when 6531 is divided by 2941.
649
Calculate the remainder when 13851 is divided by 3459.
15
Calculate the remainder when 2545 is divided by 108.
61
Calculate the remainder when 5870 is divided by 8.
6
What is the remainder when 3487 is divided by 1712?
63
Calculate the remainder when 5662 is divided by 188.
22
Calculate the remainder when 2224 is divided by 743.
738
What is the remainder when 65807 is divided by 1079?
1067
Calculate the remainder when 40104 is divided by 40.
24
Calculate the remainder when 8057 is divided by 201.
17
Calculate the remainder when 72656 is divided by 23.
22
Calculate the remainder when 90416 is divided by 4.
0
Calculate the remainder when 21902 is divided by 13.
10
Calculate the remainder when 456227 is divided by 7.
2
What is the remainder when 12204 is divided by 106?
14
Calculate the remainder when 202607 is divided by 12.
11
What is the remainder when 37409 is divided by 435?
434
What is the remainder when 418710 is divided by 79?
10
What is the remainder when 160933 is divided by 40230?
13
Calculate the remainder when 696 is divided by 168.
24
Calculate the remainder when 35112 is divided by 1595.
22
Calculate the remainder when 979 is divided by 157.
37
What is the remainder when 902 is divided by 900?
2
Calculate the remainder when 59292 is divided by 331.
43
What is the remainder when 375633 is divided by 49?
48
What is the remainder when 2503 is divided by 47?
12
What is the remainder when 2643057 is divided by 620?
617
Calculate the remainder when 10455 is divided by 105.
60
What is the remainder when 5862 is divided by 8?
6
Calculate the remainder when 1960 is divided by 64.
40
Calculate the remainder when 138569 is divided by 298.
297
What is the remainder when 1675 is divided by 224?
107
Calculate the remainder when 282268 is divided by 10.
8
What is the remainder when 2335829 is divided by 35?
34
Calculate the remainder when 21036 is divided by 790.
496
Calculate the remainder when 16366 is divided by 2117.
1547
Calculate the remainder when 5652 is divided by 1213.
800
What is the remainder when 420221 is divided by 22?
21
Calculate the remainder when 74582 is divided by 1621.
16
Calculate the remainder when 5179 is divided by 2500.
179
Calculate the remainder when 1037167 is divided by 22.
21
Calculate the remainder when 371489 is divided by